{"id":9,"date":"2019-05-04T23:00:05","date_gmt":"2019-05-04T23:00:05","guid":{"rendered":"http:\/\/www.sukelluspalvelu.fi\/wp\/?page_id=9"},"modified":"2026-02-03T17:33:33","modified_gmt":"2026-02-03T15:33:33","slug":"palvelut","status":"publish","type":"page","link":"https:\/\/www.sukelluspalvelu.fi\/?page_id=9","title":{"rendered":"Palvelut"},"content":{"rendered":"<p><a href=\"https:\/\/www.sukelluspalvelu.fi\/wp-content\/uploads\/2019\/05\/palvelut.jpg\"><img loading=\"lazy\" decoding=\"async\" class=\"alignright size-full wp-image-10 varjo\" src=\"https:\/\/www.sukelluspalvelu.fi\/wp-content\/uploads\/2019\/05\/palvelut.jpg\" alt=\"\" width=\"450\" height=\"365\" srcset=\"https:\/\/www.sukelluspalvelu.fi\/wp-content\/uploads\/2019\/05\/palvelut.jpg 450w, https:\/\/www.sukelluspalvelu.fi\/wp-content\/uploads\/2019\/05\/palvelut-300x243.jpg 300w\" sizes=\"auto, (max-width: 450px) 100vw, 450px\" \/><\/a><\/p>\n<ul>\n<li>kauppa-alusten vedenalaisten osien tarkastukset ja korjaukset<\/li>\n<li>kauppa-alusten pohjien pesut<\/li>\n<li>kauppa-alusten\u00a0<em>In-Water Survey<\/em>\u00a0luokitustarkastukset<\/li>\n<li>vedenalaisten putkistojen ja s\u00e4hk\u00f6kaapeleiden tarkastus- ja huoltoty\u00f6t<\/li>\n<li>v\u00e4yl\u00e4nhoitoon liittyv\u00e4t sukellusty\u00f6t<\/li>\n<li>etsinn\u00e4t ja merenpohjan kartoitusty\u00f6t viistokaikuluotauksella<\/li>\n<li>ROV tarkastukset (sukellusrobotti) mm. vedenalaiset tunnelit, vesiputkistot, kaapelit, ahtaat paikat, syv\u00e4t tai muutoin sukeltajalle riskialttiit kohteet<\/li>\n<li>laitureiden asennukset, tarkastukset ja korjaukset<\/li>\n<\/ul>\n","protected":false},"excerpt":{"rendered":"<p>kauppa-alusten vedenalaisten osien tarkastukset ja korjaukset kauppa-alusten pohjien pesut kauppa-alusten\u00a0In-Water Survey\u00a0luokitustarkastukset vedenalaisten putkistojen ja s\u00e4hk\u00f6kaapeleiden tarkastus- ja huoltoty\u00f6t v\u00e4yl\u00e4nhoitoon liittyv\u00e4t sukellusty\u00f6t etsinn\u00e4t ja merenpohjan kartoitusty\u00f6t viistokaikuluotauksella ROV tarkastukset (sukellusrobotti) mm. vedenalaiset tunnelit, vesiputkistot, kaapelit, ahtaat paikat, syv\u00e4t tai muutoin sukeltajalle riskialttiit kohteet laitureiden asennukset, tarkastukset ja korjaukset<\/p>\n","protected":false},"author":1,"featured_media":0,"parent":0,"menu_order":1,"comment_status":"closed","ping_status":"closed","template":"","meta":{"footnotes":""},"class_list":["post-9","page","type-page","status-publish","hentry"],"_links":{"self":[{"href":"https:\/\/www.sukelluspalvelu.fi\/index.php?rest_route=\/wp\/v2\/pages\/9","targetHints":{"allow":["GET"]}}],"collection":[{"href":"https:\/\/www.sukelluspalvelu.fi\/index.php?rest_route=\/wp\/v2\/pages"}],"about":[{"href":"https:\/\/www.sukelluspalvelu.fi\/index.php?rest_route=\/wp\/v2\/types\/page"}],"author":[{"embeddable":true,"href":"https:\/\/www.sukelluspalvelu.fi\/index.php?rest_route=\/wp\/v2\/users\/1"}],"replies":[{"embeddable":true,"href":"https:\/\/www.sukelluspalvelu.fi\/index.php?rest_route=%2Fwp%2Fv2%2Fcomments&post=9"}],"version-history":[{"count":2,"href":"https:\/\/www.sukelluspalvelu.fi\/index.php?rest_route=\/wp\/v2\/pages\/9\/revisions"}],"predecessor-version":[{"id":51,"href":"https:\/\/www.sukelluspalvelu.fi\/index.php?rest_route=\/wp\/v2\/pages\/9\/revisions\/51"}],"wp:attachment":[{"href":"https:\/\/www.sukelluspalvelu.fi\/index.php?rest_route=%2Fwp%2Fv2%2Fmedia&parent=9"}],"curies":[{"name":"wp","href":"https:\/\/api.w.org\/{rel}","templated":true}]}}